{"id":80,"date":"2024-05-06T13:30:00","date_gmt":"2024-05-06T12:30:00","guid":{"rendered":"https:\/\/192.168.1.89\/?page_id=80"},"modified":"2024-10-28T10:40:05","modified_gmt":"2024-10-28T09:40:05","slug":"programa-de-radio","status":"publish","type":"page","link":"https:\/\/www.asociaciontsis.es\/?page_id=80","title":{"rendered":"Programa de radio"},"content":{"rendered":"\n<div class=\"wp-block-cover\" style=\"min-height:285px;aspect-ratio:unset;\"><span aria-hidden=\"true\" class=\"wp-block-cover__background has-background-dim\"><\/span><img loading=\"lazy\" decoding=\"async\" width=\"768\" height=\"280\" class=\"wp-block-cover__image-background wp-image-122\" alt=\"\" src=\"https:\/\/asociaciontsis.es\/wp-content\/uploads\/2024\/05\/radio3-1-768x280-1.png\" data-object-fit=\"cover\" srcset=\"https:\/\/www.asociaciontsis.es\/wp-content\/uploads\/2024\/05\/radio3-1-768x280-1.png 768w, https:\/\/www.asociaciontsis.es\/wp-content\/uploads\/2024\/05\/radio3-1-768x280-1-300x109.png 300w\" sizes=\"(max-width: 768px) 100vw, 768px\" \/><div class=\"wp-block-cover__inner-container is-layout-flow wp-block-cover-is-layout-flow\">\n<p class=\"has-text-align-center has-large-font-size\">Programa de radio<\/p>\n<\/div><\/div>\n\n\n\n<p><\/p>\n\n\n\n<p>El programa lleva por nombre <strong><em>Volviendo del fin de semana<\/em><\/strong> y se emite los lunes de 17:30\u00b4a 18:30\u2019 en la emisora de Radio Arrebato, ubicada en el IES \u201cBrianda de Mendoza\u201d de Guadalajara. Este programa constituye una intervenci\u00f3n grupal con los menores de cuyas familias se est\u00e1 haciendo un seguimiento desde DIAM Guadalajara, y se constituye como un espacio en el que estos chicos y chicas pueden expresar sus ideas sobre temas de actualidad (la ley de \u201csolo s\u00ed es s\u00ed\u201d, violencia de g\u00e9nero, valores \u00e9ticos, guerras, etc.) adem\u00e1s de hablar de manera cr\u00edtica de otras cosas de su inter\u00e9s como es la m\u00fasica actual, los videojuegos, etc.<br><br>Os dejamos el enlace donde pod\u00e9is escuchar podcast del programa:<\/p>\n\n\n\n<p> <a href=\"https:\/\/www.radioarrebato.net\/programas\/volviendo-del-fin-de-semana\/\">https:\/\/www.radioarrebato.net\/programas\/volviendo-del-fin-de-semana\/<\/a><\/p>\n\n\n\n<div style=\"height:69px\" aria-hidden=\"true\" class=\"wp-block-spacer\"><\/div>\n","protected":false},"excerpt":{"rendered":"<p>El programa lleva por nombre Volviendo del fin de semana y se emite los lunes de 17:30\u00b4a 18:30\u2019 en la [&hellip;]<\/p>\n","protected":false},"author":1,"featured_media":0,"parent":0,"menu_order":0,"comment_status":"closed","ping_status":"closed","template":"","meta":{"site-sidebar-layout":"default","site-content-layout":"","ast-site-content-layout":"default","site-content-style":"default","site-sidebar-style":"default","ast-global-header-display":"","ast-banner-title-visibility":"","ast-main-header-display":"","ast-hfb-above-header-display":"","ast-hfb-below-header-display":"","ast-hfb-mobile-header-display":"","site-post-title":"disabled","ast-breadcrumbs-content":"","ast-featured-img":"","footer-sml-layout":"","theme-transparent-header-meta":"","adv-header-id-meta":"","stick-header-meta":"","header-above-stick-meta":"","header-main-stick-meta":"","header-below-stick-meta":"","astra-migrate-meta-layouts":"default","ast-page-background-enabled":"default","ast-page-background-meta":{"desktop":{"background-color":"var(--ast-global-color-4)","background-image":"","background-repeat":"repeat","background-position":"center center","background-size":"auto","background-attachment":"scroll","background-type":"","background-media":"","overlay-type":"","overlay-color":"","overlay-opacity":"","overlay-gradient":""},"tablet":{"background-color":"","background-image":"","background-repeat":"repeat","background-position":"center center","background-size":"auto","background-attachment":"scroll","background-type":"","background-media":"","overlay-type":"","overlay-color":"","overlay-opacity":"","overlay-gradient":""},"mobile":{"background-color":"","background-image":"","background-repeat":"repeat","background-position":"center center","background-size":"auto","background-attachment":"scroll","background-type":"","background-media":"","overlay-type":"","overlay-color":"","overlay-opacity":"","overlay-gradient":""}},"ast-content-background-meta":{"desktop":{"background-color":"var(--ast-global-color-5)","background-image":"","background-repeat":"repeat","background-position":"center center","background-size":"auto","background-attachment":"scroll","background-type":"","background-media":"","overlay-type":"","overlay-color":"","overlay-opacity":"","overlay-gradient":""},"tablet":{"background-color":"var(--ast-global-color-5)","background-image":"","background-repeat":"repeat","background-position":"center center","background-size":"auto","background-attachment":"scroll","background-type":"","background-media":"","overlay-type":"","overlay-color":"","overlay-opacity":"","overlay-gradient":""},"mobile":{"background-color":"var(--ast-global-color-5)","background-image":"","background-repeat":"repeat","background-position":"center center","background-size":"auto","background-attachment":"scroll","background-type":"","background-media":"","overlay-type":"","overlay-color":"","overlay-opacity":"","overlay-gradient":""}},"footnotes":""},"class_list":["post-80","page","type-page","status-publish","hentry"],"_links":{"self":[{"href":"https:\/\/www.asociaciontsis.es\/index.php?rest_route=\/wp\/v2\/pages\/80"}],"collection":[{"href":"https:\/\/www.asociaciontsis.es\/index.php?rest_route=\/wp\/v2\/pages"}],"about":[{"href":"https:\/\/www.asociaciontsis.es\/index.php?rest_route=\/wp\/v2\/types\/page"}],"author":[{"embeddable":true,"href":"https:\/\/www.asociaciontsis.es\/index.php?rest_route=\/wp\/v2\/users\/1"}],"replies":[{"embeddable":true,"href":"https:\/\/www.asociaciontsis.es\/index.php?rest_route=%2Fwp%2Fv2%2Fcomments&post=80"}],"version-history":[{"count":7,"href":"https:\/\/www.asociaciontsis.es\/index.php?rest_route=\/wp\/v2\/pages\/80\/revisions"}],"predecessor-version":[{"id":216,"href":"https:\/\/www.asociaciontsis.es\/index.php?rest_route=\/wp\/v2\/pages\/80\/revisions\/216"}],"wp:attachment":[{"href":"https:\/\/www.asociaciontsis.es\/index.php?rest_route=%2Fwp%2Fv2%2Fmedia&parent=80"}],"curies":[{"name":"wp","href":"https:\/\/api.w.org\/{rel}","templated":true}]}}